{"id":1996,"date":"2024-04-25T15:48:12","date_gmt":"2024-04-25T21:48:12","guid":{"rendered":"https:\/\/mariareynadelapaz.com\/?post_type=product&#038;p=1996"},"modified":"2024-04-25T15:57:17","modified_gmt":"2024-04-25T21:57:17","slug":"retablo-ovalado-en-hoja-de-oro-sagrado-corazon-de-jesus","status":"publish","type":"product","link":"https:\/\/mariareynadelapaz.com\/index.php\/product\/retablo-ovalado-en-hoja-de-oro-sagrado-corazon-de-jesus\/","title":{"rendered":"Retablo Ovalado en hoja de Oro Sagrado coraz\u00f3n de Jes\u00fas"},"content":{"rendered":"<p>Retablo Ovalado en hoja de Oro Sagrado coraz\u00f3n de Jes\u00fas 25x4x30<\/p>\n","protected":false},"excerpt":{"rendered":"<p>Retablo Ovalado en hoja de Oro Sagrado coraz\u00f3n de Jes\u00fas <\/p>\n","protected":false},"featured_media":1997,"template":"","meta":[],"product_cat":[39,44,77],"product_tag":[],"featured_image_urls":{"full":["https:\/\/mariareynadelapaz.com\/wp-content\/uploads\/2024\/04\/WhatsApp-Image-2024-04-25-at-3.36.47-PM.jpeg",1200,1600,false],"thumbnail":["https:\/\/mariareynadelapaz.com\/wp-content\/uploads\/2024\/04\/WhatsApp-Image-2024-04-25-at-3.36.47-PM-150x150.jpeg",150,150,true],"medium":["https:\/\/mariareynadelapaz.com\/wp-content\/uploads\/2024\/04\/WhatsApp-Image-2024-04-25-at-3.36.47-PM-225x300.jpeg",225,300,true],"medium_large":["https:\/\/mariareynadelapaz.com\/wp-content\/uploads\/2024\/04\/WhatsApp-Image-2024-04-25-at-3.36.47-PM-768x1024.jpeg",768,1024,true],"large":["https:\/\/mariareynadelapaz.com\/wp-content\/uploads\/2024\/04\/WhatsApp-Image-2024-04-25-at-3.36.47-PM-768x1024.jpeg",768,1024,true],"1536x1536":["https:\/\/mariareynadelapaz.com\/wp-content\/uploads\/2024\/04\/WhatsApp-Image-2024-04-25-at-3.36.47-PM-1152x1536.jpeg",1152,1536,true],"2048x2048":["https:\/\/mariareynadelapaz.com\/wp-content\/uploads\/2024\/04\/WhatsApp-Image-2024-04-25-at-3.36.47-PM.jpeg",1200,1600,false],"woocommerce_archive_thumbnail":["https:\/\/mariareynadelapaz.com\/wp-content\/uploads\/2024\/04\/WhatsApp-Image-2024-04-25-at-3.36.47-PM-300x400.jpeg",300,400,true],"woocommerce_thumbnail":["https:\/\/mariareynadelapaz.com\/wp-content\/uploads\/2024\/04\/WhatsApp-Image-2024-04-25-at-3.36.47-PM-300x300.jpeg",300,300,true],"woocommerce_single":["https:\/\/mariareynadelapaz.com\/wp-content\/uploads\/2024\/04\/WhatsApp-Image-2024-04-25-at-3.36.47-PM-600x800.jpeg",600,800,true],"woocommerce_gallery_thumbnail":["https:\/\/mariareynadelapaz.com\/wp-content\/uploads\/2024\/04\/WhatsApp-Image-2024-04-25-at-3.36.47-PM-100x100.jpeg",100,100,true]},"post_excerpt_stackable":"<p>Retablo Ovalado en hoja de Oro Sagrado coraz\u00f3n de Jes\u00fas <\/p>\n","category_list":"","author_info":{"name":"","url":""},"comments_num":"0 comments","_links":{"self":[{"href":"https:\/\/mariareynadelapaz.com\/index.php\/wp-json\/wp\/v2\/product\/1996"}],"collection":[{"href":"https:\/\/mariareynadelapaz.com\/index.php\/wp-json\/wp\/v2\/product"}],"about":[{"href":"https:\/\/mariareynadelapaz.com\/index.php\/wp-json\/wp\/v2\/types\/product"}],"wp:featuredmedia":[{"embeddable":true,"href":"https:\/\/mariareynadelapaz.com\/index.php\/wp-json\/wp\/v2\/media\/1997"}],"wp:attachment":[{"href":"https:\/\/mariareynadelapaz.com\/index.php\/wp-json\/wp\/v2\/media?parent=1996"}],"wp:term":[{"taxonomy":"product_cat","embeddable":true,"href":"https:\/\/mariareynadelapaz.com\/index.php\/wp-json\/wp\/v2\/product_cat?post=1996"},{"taxonomy":"product_tag","embeddable":true,"href":"https:\/\/mariareynadelapaz.com\/index.php\/wp-json\/wp\/v2\/product_tag?post=1996"}],"curies":[{"name":"wp","href":"https:\/\/api.w.org\/{rel}","templated":true}]}}