{"id":1961,"date":"2024-04-03T17:38:33","date_gmt":"2024-04-03T23:38:33","guid":{"rendered":"https:\/\/mariareynadelapaz.com\/?post_type=product&#038;p=1961"},"modified":"2025-10-10T14:12:12","modified_gmt":"2025-10-10T20:12:12","slug":"sagrada-familia-en-acrilico","status":"publish","type":"product","link":"https:\/\/mariareynadelapaz.com\/index.php\/product\/sagrada-familia-en-acrilico\/","title":{"rendered":"Sagrada Familia en Acr\u00edlico 12 \u00d7 6 \u00d7 28 cm"},"content":{"rendered":"<p>Sagrada Familia en Acr\u00edlico <\/p>\n","protected":false},"excerpt":{"rendered":"<p>Sagrada Familia en Acr\u00edlico <\/p>\n","protected":false},"featured_media":1956,"template":"","meta":[],"product_cat":[65,43,28,44,38],"product_tag":[],"featured_image_urls":{"full":["https:\/\/mariareynadelapaz.com\/wp-content\/uploads\/2024\/04\/WhatsApp-Image-2024-04-03-at-1.38.54-PM.jpeg",658,1503,false],"thumbnail":["https:\/\/mariareynadelapaz.com\/wp-content\/uploads\/2024\/04\/WhatsApp-Image-2024-04-03-at-1.38.54-PM-150x150.jpeg",150,150,true],"medium":["https:\/\/mariareynadelapaz.com\/wp-content\/uploads\/2024\/04\/WhatsApp-Image-2024-04-03-at-1.38.54-PM-131x300.jpeg",131,300,true],"medium_large":["https:\/\/mariareynadelapaz.com\/wp-content\/uploads\/2024\/04\/WhatsApp-Image-2024-04-03-at-1.38.54-PM.jpeg",658,1503,false],"large":["https:\/\/mariareynadelapaz.com\/wp-content\/uploads\/2024\/04\/WhatsApp-Image-2024-04-03-at-1.38.54-PM-448x1024.jpeg",448,1024,true],"1536x1536":["https:\/\/mariareynadelapaz.com\/wp-content\/uploads\/2024\/04\/WhatsApp-Image-2024-04-03-at-1.38.54-PM.jpeg",658,1503,false],"2048x2048":["https:\/\/mariareynadelapaz.com\/wp-content\/uploads\/2024\/04\/WhatsApp-Image-2024-04-03-at-1.38.54-PM.jpeg",658,1503,false],"woocommerce_archive_thumbnail":["https:\/\/mariareynadelapaz.com\/wp-content\/uploads\/2024\/04\/WhatsApp-Image-2024-04-03-at-1.38.54-PM-300x685.jpeg",300,685,true],"woocommerce_thumbnail":["https:\/\/mariareynadelapaz.com\/wp-content\/uploads\/2024\/04\/WhatsApp-Image-2024-04-03-at-1.38.54-PM-300x300.jpeg",300,300,true],"woocommerce_single":["https:\/\/mariareynadelapaz.com\/wp-content\/uploads\/2024\/04\/WhatsApp-Image-2024-04-03-at-1.38.54-PM-600x1371.jpeg",600,1371,true],"woocommerce_gallery_thumbnail":["https:\/\/mariareynadelapaz.com\/wp-content\/uploads\/2024\/04\/WhatsApp-Image-2024-04-03-at-1.38.54-PM-100x100.jpeg",100,100,true]},"post_excerpt_stackable":"<p>Sagrada Familia en Acr\u00edlico <\/p>\n","category_list":"","author_info":{"name":"","url":""},"comments_num":"0 comments","_links":{"self":[{"href":"https:\/\/mariareynadelapaz.com\/index.php\/wp-json\/wp\/v2\/product\/1961"}],"collection":[{"href":"https:\/\/mariareynadelapaz.com\/index.php\/wp-json\/wp\/v2\/product"}],"about":[{"href":"https:\/\/mariareynadelapaz.com\/index.php\/wp-json\/wp\/v2\/types\/product"}],"wp:featuredmedia":[{"embeddable":true,"href":"https:\/\/mariareynadelapaz.com\/index.php\/wp-json\/wp\/v2\/media\/1956"}],"wp:attachment":[{"href":"https:\/\/mariareynadelapaz.com\/index.php\/wp-json\/wp\/v2\/media?parent=1961"}],"wp:term":[{"taxonomy":"product_cat","embeddable":true,"href":"https:\/\/mariareynadelapaz.com\/index.php\/wp-json\/wp\/v2\/product_cat?post=1961"},{"taxonomy":"product_tag","embeddable":true,"href":"https:\/\/mariareynadelapaz.com\/index.php\/wp-json\/wp\/v2\/product_tag?post=1961"}],"curies":[{"name":"wp","href":"https:\/\/api.w.org\/{rel}","templated":true}]}}

Sagrada Familia en Acrílico 12 × 6 × 28 cm

<p>Sagrada Familia en Acrílico </p>
