{"id":1898,"date":"2024-04-01T16:34:58","date_gmt":"2024-04-01T22:34:58","guid":{"rendered":"https:\/\/mariareynadelapaz.com\/?post_type=product&#038;p=1898"},"modified":"2025-03-03T14:47:12","modified_gmt":"2025-03-03T20:47:12","slug":"nino-dios-con-brazos-movibles","status":"publish","type":"product","link":"https:\/\/mariareynadelapaz.com\/index.php\/product\/nino-dios-con-brazos-movibles\/","title":{"rendered":"Ni\u00f1o Dios con Brazos Movibles 50 \u00d7 25 \u00d7 20 cm"},"content":{"rendered":"<p>Ni\u00f1o Dios con Brazos Movibles <\/p>\n","protected":false},"excerpt":{"rendered":"<p>Ni\u00f1o Dios con Brazos Movibles <\/p>\n","protected":false},"featured_media":1899,"template":"","meta":[],"product_cat":[65,43,28,44,38],"product_tag":[],"featured_image_urls":{"full":["https:\/\/mariareynadelapaz.com\/wp-content\/uploads\/2024\/04\/WhatsApp-Image-2024-04-01-at-2.29.52-PM.jpeg",728,1314,false],"thumbnail":["https:\/\/mariareynadelapaz.com\/wp-content\/uploads\/2024\/04\/WhatsApp-Image-2024-04-01-at-2.29.52-PM-150x150.jpeg",150,150,true],"medium":["https:\/\/mariareynadelapaz.com\/wp-content\/uploads\/2024\/04\/WhatsApp-Image-2024-04-01-at-2.29.52-PM-166x300.jpeg",166,300,true],"medium_large":["https:\/\/mariareynadelapaz.com\/wp-content\/uploads\/2024\/04\/WhatsApp-Image-2024-04-01-at-2.29.52-PM.jpeg",728,1314,false],"large":["https:\/\/mariareynadelapaz.com\/wp-content\/uploads\/2024\/04\/WhatsApp-Image-2024-04-01-at-2.29.52-PM-567x1024.jpeg",567,1024,true],"1536x1536":["https:\/\/mariareynadelapaz.com\/wp-content\/uploads\/2024\/04\/WhatsApp-Image-2024-04-01-at-2.29.52-PM.jpeg",728,1314,false],"2048x2048":["https:\/\/mariareynadelapaz.com\/wp-content\/uploads\/2024\/04\/WhatsApp-Image-2024-04-01-at-2.29.52-PM.jpeg",728,1314,false],"woocommerce_archive_thumbnail":["https:\/\/mariareynadelapaz.com\/wp-content\/uploads\/2024\/04\/WhatsApp-Image-2024-04-01-at-2.29.52-PM-300x541.jpeg",300,541,true],"woocommerce_thumbnail":["https:\/\/mariareynadelapaz.com\/wp-content\/uploads\/2024\/04\/WhatsApp-Image-2024-04-01-at-2.29.52-PM-300x300.jpeg",300,300,true],"woocommerce_single":["https:\/\/mariareynadelapaz.com\/wp-content\/uploads\/2024\/04\/WhatsApp-Image-2024-04-01-at-2.29.52-PM-600x1083.jpeg",600,1083,true],"woocommerce_gallery_thumbnail":["https:\/\/mariareynadelapaz.com\/wp-content\/uploads\/2024\/04\/WhatsApp-Image-2024-04-01-at-2.29.52-PM-100x100.jpeg",100,100,true]},"post_excerpt_stackable":"<p>Ni\u00f1o Dios con Brazos Movibles <\/p>\n","category_list":"","author_info":{"name":"","url":""},"comments_num":"0 comments","_links":{"self":[{"href":"https:\/\/mariareynadelapaz.com\/index.php\/wp-json\/wp\/v2\/product\/1898"}],"collection":[{"href":"https:\/\/mariareynadelapaz.com\/index.php\/wp-json\/wp\/v2\/product"}],"about":[{"href":"https:\/\/mariareynadelapaz.com\/index.php\/wp-json\/wp\/v2\/types\/product"}],"wp:featuredmedia":[{"embeddable":true,"href":"https:\/\/mariareynadelapaz.com\/index.php\/wp-json\/wp\/v2\/media\/1899"}],"wp:attachment":[{"href":"https:\/\/mariareynadelapaz.com\/index.php\/wp-json\/wp\/v2\/media?parent=1898"}],"wp:term":[{"taxonomy":"product_cat","embeddable":true,"href":"https:\/\/mariareynadelapaz.com\/index.php\/wp-json\/wp\/v2\/product_cat?post=1898"},{"taxonomy":"product_tag","embeddable":true,"href":"https:\/\/mariareynadelapaz.com\/index.php\/wp-json\/wp\/v2\/product_tag?post=1898"}],"curies":[{"name":"wp","href":"https:\/\/api.w.org\/{rel}","templated":true}]}}