{"id":1788,"date":"2024-03-28T12:56:49","date_gmt":"2024-03-28T18:56:49","guid":{"rendered":"https:\/\/mariareynadelapaz.com\/?post_type=product&#038;p=1788"},"modified":"2024-03-28T12:56:49","modified_gmt":"2024-03-28T18:56:49","slug":"iman-sagrado-corazon-de-jesus","status":"publish","type":"product","link":"https:\/\/mariareynadelapaz.com\/index.php\/product\/iman-sagrado-corazon-de-jesus\/","title":{"rendered":"Im\u00e1n Sagrado Coraz\u00f3n de Jes\u00fas"},"content":{"rendered":"<p>Im\u00e1n Sagrado Coraz\u00f3n de Jes\u00fas <\/p>\n","protected":false},"excerpt":{"rendered":"<p>Im\u00e1n Sagrado Coraz\u00f3n de Jes\u00fas <\/p>\n","protected":false},"featured_media":1783,"template":"","meta":[],"product_cat":[73],"product_tag":[],"featured_image_urls":{"full":["https:\/\/mariareynadelapaz.com\/wp-content\/uploads\/2024\/03\/Imagen-de-WhatsApp-2024-03-05-a-las-16.10.26_b16b632d.jpg",900,1600,false],"thumbnail":["https:\/\/mariareynadelapaz.com\/wp-content\/uploads\/2024\/03\/Imagen-de-WhatsApp-2024-03-05-a-las-16.10.26_b16b632d-150x150.jpg",150,150,true],"medium":["https:\/\/mariareynadelapaz.com\/wp-content\/uploads\/2024\/03\/Imagen-de-WhatsApp-2024-03-05-a-las-16.10.26_b16b632d-169x300.jpg",169,300,true],"medium_large":["https:\/\/mariareynadelapaz.com\/wp-content\/uploads\/2024\/03\/Imagen-de-WhatsApp-2024-03-05-a-las-16.10.26_b16b632d-768x1365.jpg",768,1365,true],"large":["https:\/\/mariareynadelapaz.com\/wp-content\/uploads\/2024\/03\/Imagen-de-WhatsApp-2024-03-05-a-las-16.10.26_b16b632d-576x1024.jpg",576,1024,true],"1536x1536":["https:\/\/mariareynadelapaz.com\/wp-content\/uploads\/2024\/03\/Imagen-de-WhatsApp-2024-03-05-a-las-16.10.26_b16b632d-864x1536.jpg",864,1536,true],"2048x2048":["https:\/\/mariareynadelapaz.com\/wp-content\/uploads\/2024\/03\/Imagen-de-WhatsApp-2024-03-05-a-las-16.10.26_b16b632d.jpg",900,1600,false],"woocommerce_archive_thumbnail":["https:\/\/mariareynadelapaz.com\/wp-content\/uploads\/2024\/03\/Imagen-de-WhatsApp-2024-03-05-a-las-16.10.26_b16b632d-300x533.jpg",300,533,true],"woocommerce_thumbnail":["https:\/\/mariareynadelapaz.com\/wp-content\/uploads\/2024\/03\/Imagen-de-WhatsApp-2024-03-05-a-las-16.10.26_b16b632d-300x300.jpg",300,300,true],"woocommerce_single":["https:\/\/mariareynadelapaz.com\/wp-content\/uploads\/2024\/03\/Imagen-de-WhatsApp-2024-03-05-a-las-16.10.26_b16b632d-600x1067.jpg",600,1067,true],"woocommerce_gallery_thumbnail":["https:\/\/mariareynadelapaz.com\/wp-content\/uploads\/2024\/03\/Imagen-de-WhatsApp-2024-03-05-a-las-16.10.26_b16b632d-100x100.jpg",100,100,true]},"post_excerpt_stackable":"<p>Im\u00e1n Sagrado Coraz\u00f3n de Jes\u00fas <\/p>\n","category_list":"","author_info":{"name":"","url":""},"comments_num":"0 comments","_links":{"self":[{"href":"https:\/\/mariareynadelapaz.com\/index.php\/wp-json\/wp\/v2\/product\/1788"}],"collection":[{"href":"https:\/\/mariareynadelapaz.com\/index.php\/wp-json\/wp\/v2\/product"}],"about":[{"href":"https:\/\/mariareynadelapaz.com\/index.php\/wp-json\/wp\/v2\/types\/product"}],"wp:featuredmedia":[{"embeddable":true,"href":"https:\/\/mariareynadelapaz.com\/index.php\/wp-json\/wp\/v2\/media\/1783"}],"wp:attachment":[{"href":"https:\/\/mariareynadelapaz.com\/index.php\/wp-json\/wp\/v2\/media?parent=1788"}],"wp:term":[{"taxonomy":"product_cat","embeddable":true,"href":"https:\/\/mariareynadelapaz.com\/index.php\/wp-json\/wp\/v2\/product_cat?post=1788"},{"taxonomy":"product_tag","embeddable":true,"href":"https:\/\/mariareynadelapaz.com\/index.php\/wp-json\/wp\/v2\/product_tag?post=1788"}],"curies":[{"name":"wp","href":"https:\/\/api.w.org\/{rel}","templated":true}]}}

Imán Sagrado Corazón de Jesús

<p>Imán Sagrado Corazón de Jesús </p>
