{"id":1504,"date":"2024-03-15T18:29:15","date_gmt":"2024-03-16T00:29:15","guid":{"rendered":"https:\/\/mariareynadelapaz.com\/?post_type=product&#038;p=1504"},"modified":"2024-03-19T19:27:38","modified_gmt":"2024-03-20T01:27:38","slug":"loteria-liturgica","status":"publish","type":"product","link":"https:\/\/mariareynadelapaz.com\/index.php\/product\/loteria-liturgica\/","title":{"rendered":"Loter\u00eda Lit\u00fargica"},"content":{"rendered":"<p>Loter\u00eda Lit\u00fargica<\/p>\n","protected":false},"excerpt":{"rendered":"<p>Loter\u00eda Lit\u00fargica<\/p>\n","protected":false},"featured_media":1488,"template":"","meta":[],"product_cat":[44,71],"product_tag":[],"featured_image_urls":{"full":["https:\/\/mariareynadelapaz.com\/wp-content\/uploads\/2024\/03\/WhatsApp-Image-2024-03-15-at-6.15.24-PM-1-e1710659628286.jpeg",900,1224,false],"thumbnail":["https:\/\/mariareynadelapaz.com\/wp-content\/uploads\/2024\/03\/WhatsApp-Image-2024-03-15-at-6.15.24-PM-1-e1710659628286-150x150.jpeg",150,150,true],"medium":["https:\/\/mariareynadelapaz.com\/wp-content\/uploads\/2024\/03\/WhatsApp-Image-2024-03-15-at-6.15.24-PM-1-e1710659628286-221x300.jpeg",221,300,true],"medium_large":["https:\/\/mariareynadelapaz.com\/wp-content\/uploads\/2024\/03\/WhatsApp-Image-2024-03-15-at-6.15.24-PM-1-e1710659628286-768x1044.jpeg",768,1044,true],"large":["https:\/\/mariareynadelapaz.com\/wp-content\/uploads\/2024\/03\/WhatsApp-Image-2024-03-15-at-6.15.24-PM-1-e1710659628286-753x1024.jpeg",753,1024,true],"1536x1536":["https:\/\/mariareynadelapaz.com\/wp-content\/uploads\/2024\/03\/WhatsApp-Image-2024-03-15-at-6.15.24-PM-1-864x1536.jpeg",864,1536,true],"2048x2048":["https:\/\/mariareynadelapaz.com\/wp-content\/uploads\/2024\/03\/WhatsApp-Image-2024-03-15-at-6.15.24-PM-1-e1710659628286.jpeg",900,1224,false],"woocommerce_archive_thumbnail":["https:\/\/mariareynadelapaz.com\/wp-content\/uploads\/2024\/03\/WhatsApp-Image-2024-03-15-at-6.15.24-PM-1-e1710659628286-300x408.jpeg",300,408,true],"woocommerce_thumbnail":["https:\/\/mariareynadelapaz.com\/wp-content\/uploads\/2024\/03\/WhatsApp-Image-2024-03-15-at-6.15.24-PM-1-e1710659628286-300x300.jpeg",300,300,true],"woocommerce_single":["https:\/\/mariareynadelapaz.com\/wp-content\/uploads\/2024\/03\/WhatsApp-Image-2024-03-15-at-6.15.24-PM-1-e1710659628286-600x816.jpeg",600,816,true],"woocommerce_gallery_thumbnail":["https:\/\/mariareynadelapaz.com\/wp-content\/uploads\/2024\/03\/WhatsApp-Image-2024-03-15-at-6.15.24-PM-1-e1710659628286-100x100.jpeg",100,100,true]},"post_excerpt_stackable":"<p>Loter\u00eda Lit\u00fargica<\/p>\n","category_list":"","author_info":{"name":"","url":""},"comments_num":"0 comments","_links":{"self":[{"href":"https:\/\/mariareynadelapaz.com\/index.php\/wp-json\/wp\/v2\/product\/1504"}],"collection":[{"href":"https:\/\/mariareynadelapaz.com\/index.php\/wp-json\/wp\/v2\/product"}],"about":[{"href":"https:\/\/mariareynadelapaz.com\/index.php\/wp-json\/wp\/v2\/types\/product"}],"wp:featuredmedia":[{"embeddable":true,"href":"https:\/\/mariareynadelapaz.com\/index.php\/wp-json\/wp\/v2\/media\/1488"}],"wp:attachment":[{"href":"https:\/\/mariareynadelapaz.com\/index.php\/wp-json\/wp\/v2\/media?parent=1504"}],"wp:term":[{"taxonomy":"product_cat","embeddable":true,"href":"https:\/\/mariareynadelapaz.com\/index.php\/wp-json\/wp\/v2\/product_cat?post=1504"},{"taxonomy":"product_tag","embeddable":true,"href":"https:\/\/mariareynadelapaz.com\/index.php\/wp-json\/wp\/v2\/product_tag?post=1504"}],"curies":[{"name":"wp","href":"https:\/\/api.w.org\/{rel}","templated":true}]}}