{"id":1325,"date":"2024-03-01T15:57:45","date_gmt":"2024-03-01T21:57:45","guid":{"rendered":"https:\/\/mariareynadelapaz.com\/?post_type=product&#038;p=1325"},"modified":"2024-03-08T11:48:03","modified_gmt":"2024-03-08T17:48:03","slug":"testigos-del-senor-jesus-enrique-ponce-de-leon-garciadiego-sj","status":"publish","type":"product","link":"https:\/\/mariareynadelapaz.com\/index.php\/product\/testigos-del-senor-jesus-enrique-ponce-de-leon-garciadiego-sj\/","title":{"rendered":"Testigos Del Se\u00f1or Jes\u00fas \/ Enrique Ponce de Le\u00f3n Garciadiego, SJ"},"content":{"rendered":"<p>Testigos Del Se\u00f1or Jes\u00fas \/ Enrique Ponce de Le\u00f3n Garciadiego, SJ<\/p>\n","protected":false},"excerpt":{"rendered":"<p>Testigos Del Se\u00f1or Jes\u00fas \/ Enrique Ponce de Le\u00f3n Garciadiego, SJ<\/p>\n","protected":false},"featured_media":1326,"template":"","meta":[],"product_cat":[35],"product_tag":[],"featured_image_urls":{"full":["https:\/\/mariareynadelapaz.com\/wp-content\/uploads\/2024\/03\/WhatsApp-Image-2024-03-01-at-3.48.44-PM.jpeg",866,1280,false],"thumbnail":["https:\/\/mariareynadelapaz.com\/wp-content\/uploads\/2024\/03\/WhatsApp-Image-2024-03-01-at-3.48.44-PM-150x150.jpeg",150,150,true],"medium":["https:\/\/mariareynadelapaz.com\/wp-content\/uploads\/2024\/03\/WhatsApp-Image-2024-03-01-at-3.48.44-PM-203x300.jpeg",203,300,true],"medium_large":["https:\/\/mariareynadelapaz.com\/wp-content\/uploads\/2024\/03\/WhatsApp-Image-2024-03-01-at-3.48.44-PM-768x1135.jpeg",768,1135,true],"large":["https:\/\/mariareynadelapaz.com\/wp-content\/uploads\/2024\/03\/WhatsApp-Image-2024-03-01-at-3.48.44-PM-693x1024.jpeg",693,1024,true],"1536x1536":["https:\/\/mariareynadelapaz.com\/wp-content\/uploads\/2024\/03\/WhatsApp-Image-2024-03-01-at-3.48.44-PM.jpeg",866,1280,false],"2048x2048":["https:\/\/mariareynadelapaz.com\/wp-content\/uploads\/2024\/03\/WhatsApp-Image-2024-03-01-at-3.48.44-PM.jpeg",866,1280,false],"woocommerce_archive_thumbnail":["https:\/\/mariareynadelapaz.com\/wp-content\/uploads\/2024\/03\/WhatsApp-Image-2024-03-01-at-3.48.44-PM-300x443.jpeg",300,443,true],"woocommerce_thumbnail":["https:\/\/mariareynadelapaz.com\/wp-content\/uploads\/2024\/03\/WhatsApp-Image-2024-03-01-at-3.48.44-PM-300x300.jpeg",300,300,true],"woocommerce_single":["https:\/\/mariareynadelapaz.com\/wp-content\/uploads\/2024\/03\/WhatsApp-Image-2024-03-01-at-3.48.44-PM-600x887.jpeg",600,887,true],"woocommerce_gallery_thumbnail":["https:\/\/mariareynadelapaz.com\/wp-content\/uploads\/2024\/03\/WhatsApp-Image-2024-03-01-at-3.48.44-PM-100x100.jpeg",100,100,true]},"post_excerpt_stackable":"<p>Testigos Del Se\u00f1or Jes\u00fas \/ Enrique Ponce de Le\u00f3n Garciadiego, SJ<\/p>\n","category_list":"","author_info":{"name":"","url":""},"comments_num":"0 comments","_links":{"self":[{"href":"https:\/\/mariareynadelapaz.com\/index.php\/wp-json\/wp\/v2\/product\/1325"}],"collection":[{"href":"https:\/\/mariareynadelapaz.com\/index.php\/wp-json\/wp\/v2\/product"}],"about":[{"href":"https:\/\/mariareynadelapaz.com\/index.php\/wp-json\/wp\/v2\/types\/product"}],"wp:featuredmedia":[{"embeddable":true,"href":"https:\/\/mariareynadelapaz.com\/index.php\/wp-json\/wp\/v2\/media\/1326"}],"wp:attachment":[{"href":"https:\/\/mariareynadelapaz.com\/index.php\/wp-json\/wp\/v2\/media?parent=1325"}],"wp:term":[{"taxonomy":"product_cat","embeddable":true,"href":"https:\/\/mariareynadelapaz.com\/index.php\/wp-json\/wp\/v2\/product_cat?post=1325"},{"taxonomy":"product_tag","embeddable":true,"href":"https:\/\/mariareynadelapaz.com\/index.php\/wp-json\/wp\/v2\/product_tag?post=1325"}],"curies":[{"name":"wp","href":"https:\/\/api.w.org\/{rel}","templated":true}]}}