{"id":1039,"date":"2024-01-25T15:32:08","date_gmt":"2024-01-25T21:32:08","guid":{"rendered":"https:\/\/mariareynadelapaz.com\/?post_type=product&#038;p=1039"},"modified":"2024-03-08T12:14:43","modified_gmt":"2024-03-08T18:14:43","slug":"vida-liturgica-jose-guadalupe-trevino","status":"publish","type":"product","link":"https:\/\/mariareynadelapaz.com\/index.php\/product\/vida-liturgica-jose-guadalupe-trevino\/","title":{"rendered":"Vida Lit\u00fargica \/ Jos\u00e9 Guadalupe Trevi\u00f1o"},"content":{"rendered":"<p>Vida Lit\u00fargica \/ Jos\u00e9 Guadalupe Trevi\u00f1o<\/p>\n","protected":false},"excerpt":{"rendered":"<p>Vida Lit\u00fargica \/ Jos\u00e9 Guadalupe Trevi\u00f1o<\/p>\n","protected":false},"featured_media":1184,"template":"","meta":[],"product_cat":[35],"product_tag":[],"featured_image_urls":{"full":["https:\/\/mariareynadelapaz.com\/wp-content\/uploads\/2024\/01\/VIDA-LITU-1.jpg",327,510,false],"thumbnail":["https:\/\/mariareynadelapaz.com\/wp-content\/uploads\/2024\/01\/VIDA-LITU-1-150x150.jpg",150,150,true],"medium":["https:\/\/mariareynadelapaz.com\/wp-content\/uploads\/2024\/01\/VIDA-LITU-1-192x300.jpg",192,300,true],"medium_large":["https:\/\/mariareynadelapaz.com\/wp-content\/uploads\/2024\/01\/VIDA-LITU-1.jpg",327,510,false],"large":["https:\/\/mariareynadelapaz.com\/wp-content\/uploads\/2024\/01\/VIDA-LITU-1.jpg",327,510,false],"1536x1536":["https:\/\/mariareynadelapaz.com\/wp-content\/uploads\/2024\/01\/VIDA-LITU-1.jpg",327,510,false],"2048x2048":["https:\/\/mariareynadelapaz.com\/wp-content\/uploads\/2024\/01\/VIDA-LITU-1.jpg",327,510,false],"woocommerce_archive_thumbnail":["https:\/\/mariareynadelapaz.com\/wp-content\/uploads\/2024\/01\/VIDA-LITU-1-300x468.jpg",300,468,true],"woocommerce_thumbnail":["https:\/\/mariareynadelapaz.com\/wp-content\/uploads\/2024\/01\/VIDA-LITU-1-300x300.jpg",300,300,true],"woocommerce_single":["https:\/\/mariareynadelapaz.com\/wp-content\/uploads\/2024\/01\/VIDA-LITU-1.jpg",327,510,false],"woocommerce_gallery_thumbnail":["https:\/\/mariareynadelapaz.com\/wp-content\/uploads\/2024\/01\/VIDA-LITU-1-100x100.jpg",100,100,true]},"post_excerpt_stackable":"<p>Vida Lit\u00fargica \/ Jos\u00e9 Guadalupe Trevi\u00f1o<\/p>\n","category_list":"","author_info":{"name":"","url":""},"comments_num":"0 comments","_links":{"self":[{"href":"https:\/\/mariareynadelapaz.com\/index.php\/wp-json\/wp\/v2\/product\/1039"}],"collection":[{"href":"https:\/\/mariareynadelapaz.com\/index.php\/wp-json\/wp\/v2\/product"}],"about":[{"href":"https:\/\/mariareynadelapaz.com\/index.php\/wp-json\/wp\/v2\/types\/product"}],"wp:featuredmedia":[{"embeddable":true,"href":"https:\/\/mariareynadelapaz.com\/index.php\/wp-json\/wp\/v2\/media\/1184"}],"wp:attachment":[{"href":"https:\/\/mariareynadelapaz.com\/index.php\/wp-json\/wp\/v2\/media?parent=1039"}],"wp:term":[{"taxonomy":"product_cat","embeddable":true,"href":"https:\/\/mariareynadelapaz.com\/index.php\/wp-json\/wp\/v2\/product_cat?post=1039"},{"taxonomy":"product_tag","embeddable":true,"href":"https:\/\/mariareynadelapaz.com\/index.php\/wp-json\/wp\/v2\/product_tag?post=1039"}],"curies":[{"name":"wp","href":"https:\/\/api.w.org\/{rel}","templated":true}]}}